t j(f) = -f**2 - 15*f + 5. Let h be j(-15). Give x(h).
-9
Let q(o) be the third derivative of -o**5/15 + o**4/24 + o**3/6 + 128*o**2. Let y be -2*((-1)/1 - 0). What is q(y)?
-13
Let x be (1 + -2)/((-3)/21). Let n(j) = 3*j + 3*j - 6*j + 9*j - j**2 - 8. Determine n(x).
6
Let n(v) = -v**2 - 7*v - 9. Suppose 0 = 3*f - 0*o - o - 5, 0 = o - 1. Suppose 4*m - f*m + 12 = 0. Give n(m).
-3
Let q(f) = f**3 + 0*f**2 - 7*f**2 - 4 + 3*f**2 + 2*f. Suppose 2*u - 4*i - 3 = 1, 0 = u + i - 11. Suppose 3*s - u = 4. What is q(s)?
4
Suppose 5*h + 20 = -5*b, 2*h + 2*b + 8 = -3*h. Let v(l) be the third derivative of 1/8*l**4 + h*l**3 + l**2 + 0 + 0*l. Calculate v(2).
6
Let f(t) = t + 8. Let j = -63 - -69. What is f(j)?
14
Let s(p) = -p - 3. Let q be (-16)/(-6)*(-3)/2. Calculate s(q).
1
Let i(g) = g - 4. Suppose 5*v - 61 = -21. Let r = v + -5. Calculate i(r).
-1
Let b(d) = 5*d**3 - 11*d**2 + 2*d - 6. Let n(i) = -6*i**3 + 12*i**2 - 3*i + 7. Let v(t) = 7*b(t) + 6*n(t). Calculate v(-4).
0
Suppose -5*z + z + 12 = 0. Let r(l) be the second derivative of -l**5/20 + l**4/6 + l**2 + 51*l. Determine r(z).
-7
Let d(p) = -p**2 - 6*p + 3*p - 4*p + 3. What is d(-7)?
3
Let g be 26/6 - (-2)/3. Let r(o) = 26 + 65*o - 24 - 68*o. Give r(g).
-13
Let s(r) = 2*r + 3. Suppose 2*t - 7*t = -15. Suppose -2*x + d = t, 4*x - 5*d + 5 = -x. Give s(x).
-1
Let w be (-2)/3 + 248/12. Let n = -13 + w. Let d(u) = u**2 + 3 - n*u + u**2 - u**2. What is d(5)?
-7
Let l(n) = -n + 6. Let g(t) = 3*t - 23. Let p(s) = -1. Let o(f) = g(f) - 4*p(f). Let c(b) = 7*l(b) + 2*o(b). What is c(4)?
0
Let o(f) = -f**2 + 5*f. Suppose 68*w = 70*w - 8. Calculate o(w).
4
Let f(n) = -n + 6 + 2*n - 2*n. Let i(t) = t - 5. Let s(l) = 2*f(l) + 3*i(l). What is s(3)?
0
Suppose 0 = -2*f + 10, 2*y + 2*f - 24 = -2*f. Let a(r) = -8*r**3 + 7*r**3 - 8 - 2 - 6*r**y + 6*r. Determine a(-7).
-3
Let y = 8 - 3. Let b(k) be the second derivative of -k**3 - 3*k - 1/3*k**4 + 1/20*k**5 + 7/2*k**2 + 0. Determine b(y).
2
Let o(y) = 2 - 6*y - 3*y - 1. Suppose 0 = 5*b - 5*v - 20, -4*b - 5*v + 22 = -3*v. Suppose 2 - b = -3*m. Give o(m).
-8
Let w(v) = -38 - 34 + 68 + v**2 - v + 2*v. Calculate w(0).
-4
Let k(j) = -j**2 + 8*j - 9. Let g be k(6). Let d be 2/3 + (-2)/g. Let l be (-6)/(-3) - d - -3. Let m(s) = s**2 - 7*s + 3. What is m(l)?
-7
Let l(t) be the first derivative of -1/2*t**2 + 5*t - 4. What is l(-5)?
10
Let v(b) be the second derivative of 9*b**5/20 - b**4/12 + b**3/6 + 6*b. Let d = -1 - -4. Suppose -2*k + d*o = -5, 0 = 3*o + 2*o + 5. Calculate v(k).
9
Let c(i) = -i**2 + 5*i + 5. Let k = -21 - -24. Suppose 28 = 4*g - 3*f, -k*f + 7 + 1 = 5*g. Calculate c(g).
9
Let j(w) be the first derivative of w**3/3 - 7*w**2/2 - 6*w + 12. Determine j(8).
2
Let a(i) = -i + 7. Let f be -10*(-3 - 20/(-8)). Give a(f).
2
Let v(b) = -7*b**2 - 5 + 49*b - 42*b + 0*b**3 + b**3. What is v(6)?
1
Let a = -9 - -15. Let x = 13 + -8. Let g(n) = 1 - 3 + 0 + n - x. What is g(a)?
-1
Suppose 1 = -w + 5. Let b(t) be the first derivative of -t**4/4 + 4*t**3/3 - t**2/2 + 2*t - 6. Calculate b(w).
-2
Let p(q) = -17*q**2 + 2 - 5*q + 5*q + 16*q**2. What is p(2)?
-2
Let v(q) be the third derivative of q**6/120 + q**5/20 - q**4/8 + q**3/2 - 6*q**2. Determine v(-4).
-1
Let b(j) = j - 7. Let k be b(10). Let x(l) be the second derivative of 1/6*l**3 + 3*l + 0*l**2 + 0. Give x(k).
3
Let k(x) = 6*x + 1. Suppose 4*c - 17 = -5*y - 6, 8 = 2*c. Give k(y).
-5
Let n(v) = -5 - 2*v + 3 + 7 - 4. Let a(u) = -u**2 + 5*u - 1. Let i be a(3). Determine n(i).
-9
Let q(b) be the third derivative of b**4/24 + b**3/6 - 2*b**2. Suppose -17*g + 2*g + 75 = 0. Determine q(g).
6
Suppose 78*z - 83*z = 0. Let i(s) be the first derivative of -s**2/2 + 9*s + 1. Determine i(z).
9
Suppose -2*j + 4*i = 2, 5*i - 3 = 3*j - 0. Let w = j + -1. Let t(n) = 4*n**2 + 3*n. Give t(w).
10
Let y(f) = -4*f**3 + 8*f**2 - f - 2. Suppose -2*k = 10, 5*n + 2*k - 3*k = 0. Let t(w) = -w**3 + w**2 - w. Let r(s) = n*y(s) + 3*t(s). What is r(5)?
-8
Let i(n) = -246 + 4*n**2 - 5*n**2 + 244 + n. Give i(2).
-4
Suppose -3*g - 21 = -6*g. Suppose 5*a = -2 + g. Let i(h) = -11*h**3 + 2*h**2 - 2*h + 1. Calculate i(a).
-10
Let k = 5 - 1. Suppose -4*s = -0*s - k. Let j(a) = -13*a**2 + 7*a + 4. Let v(d) = 12*d**2 - 6*d - 3. Let b(x) = -4*j(x) - 5*v(x). Calculate b(s).
-7
Let z(a) be the second derivative of -a**4/24 - 5*a**3/6 - 4*a**2 - a. Let x(g) be the first derivative of z(g). Give x(-5).
0
Let a be ((-10)/6)/(4/12). Let k(c) be the second derivative of -c**3/6 - 7*c**2/2 - 4*c. What is k(a)?
-2
Let f(o) = -3*o**2 - 8*o - 3. Let d(c) = c + 1. Let t(b) = -7*b**2 - 23*b - 11. Let n(z) = -6*d(z) - t(z). Let y(v) = 5*f(v) + 2*n(v). Give y(-4).
3
Let n be -7*-2*3/6. Suppose o - 29 = -4*v, -4*o = 2*v - n - 11. Suppose v + 8 = 5*p. Let k(a) = -a**3 + 4*a**2 - 4*a - 1. Calculate k(p).
-4
Suppose -2*j + 3 - 1 = 0. Suppose 2*b - j = 1. Let a(v) = 2*v**3 + v**2 - v + 1. What is a(b)?
3
Let h(o) = 7*o**3 + o**2 - 1. Let v(x) be the first derivative of -x**2/2 - x - 1. Let w(t) = t - 4. Let r be w(4). Let f be v(r). Calculate h(f).
-7
Let a(g) = g**3 - 2*g**2 - g - 4. Let d be (8 - 9)/(2/24). Let p = -7 - d. Suppose 2*v = 4*k - p*k - 5, -3*k - 7 = 4*v. Give a(k).
2
Let g(j) be the third derivative of -j**4/24 + j**3/6 - 10*j**2. Suppose -5*h + 28 = -h - 5*t, 4*h = -5*t - 12. Let f be h/(1 + 1) + -4. What is g(f)?
4
Let a(n) be the first derivative of n**2/2 - 3*n + 8. What is a(5)?
2
Suppose 4*p - 3*f + 24 = f, -2*p - 5*f + 23 = 0. Let o(b) = 6*b + 1. Determine o(p).
-5
Let x(c) = c**3 + 6*c**2 + c + 3. Let t(r) = -2*r + 3 - r**3 - 6*r + 6*r - 5*r**2 - r. Let a be t(-3). Calculate x(a).
-3
Let h(i) = -3*i**2 + 19*i + 17. Let k(m) = -m - 1. Let c(v) = -v**2 + 13*v + 12. Let j(a) = c(a) + 4*k(a). Let x(w) = 2*h(w) - 5*j(w). Give x(-5).
4
Let c(s) be the second derivative of -s**4/12 + s**3/2 - s**2 + 9*s. Give c(5).
-12
Let n(i) be the third derivative of 5*i**4/8 - i**3/2 - 2*i**2. Let l(t) = 0 + 28*t - 13*t - 4 + 7*t. Let j(v) = -5*l(v) + 7*n(v). Calculate j(-1).
4
Let j(k) = k**2 + 6*k - 1. Suppose 2*d - 5*i = -25, 2*d - 4*i = -9*i + 5. Determine j(d).
-6
Let y(t) = -t**2 + 3*t + 3. Let x = -69 - -74. Calculate y(x).
-7
Let h(u) = -2 - 4*u + 3*u - 11. Let d be h(-9). Let p(g) = -g**2 + g + 1. Let x(w) = -w**2 + 5*w - 3. Let o(s) = 2*p(s) - x(s). Determine o(d).
1
Let h = 129 - 125. Suppose 4*u - 16 = -5*s, -2*s + u - 4 = -s. Let l(j) = s + 5 - j - 1. What is l(h)?
0
Let a = 16 + -12. Let z(g) = 48*g**2 + 21*g - 27. Let b(c) = 7*c**2 + 3*c - 4. Let x(p) = a*z(p) - 27*b(p). Give x(-2).
6
Suppose -2*i = -3*m - 10, 5*i - 22 - 17 = 4*m. Let q(u) = -6*u**3 - 19*u**2 - u + 46. Let d(b) = b**3 + 4*b**2 - 9. Let j(a) = i*d(a) + 2*q(a). Determine j(5).
8
Suppose -3*w = 2*z - 13, -6*z = 5*w - z - 25. Let x(r) = 3 + w - 2 - 7 + 3*r. What is x(3)?
6
Let u be 1/(-1)*-1 + 1. Let g(b) = b**u - b - 1 - 3*b + 0*b**2. Let z be 3/(-6)*-1*6. Calculate g(z).
-4
Let x(p) = -2*p**3 + p**2. Suppose 0 = -5*t - 0*t. Suppose t*n + 2 = n. Suppose 3*m + 1 = -n. Determine x(m).
3
Let h(t) be the first derivative of t**4/4 - 5*t**3/3 - 5*t**2/2 + 4*t + 15. Determine h(6).
10
Let t be ((-15)/(-6))/5*(1 + -11). Let c(x) = -x**2 - 7*x - 7. Give c(t).
3
Let b(j) = j**3 - 5*j**2 + 4*j - 2. Suppose -3*a - 2 = -4*v, 0 = 5*a + 4*v - 2*v + 12. Let w = 0 - a. What is b(w)?
-6
Let p(l) = -l**3 + 3*l**2 - 4*l - 1. Suppose -7*n = -21 - 0. Give p(n).
-13
Let k(f) = -4*f**3 - 9*f**2 - 11. Let j(p) = 9*p**3 + 18*p**2 + 23. Let r(d) = 3*j(d) + 7*k(d). Give r(-9).
-8
Let s = -1 + 0. Let z(b) = -b - 1. Calculate z(s).
0
Let q(w) = -2*w**3 - 9*w**2 + 9*w - 12. Let g(b) = b**3. Let h(x) = -3*g(x) - q(x). Give h(8).
4
Let t(f) = -f**2 + 4*f + 5. Let q(z) = -z**3 - 2*z**2 - 2*z. Let s be q(-2). Suppose -1 - 20 = -s*a - h, -4*a + 15 = -5*h. Determine t(a).
0
Let d = -13 - -19. Let b(l) = l**2 - 8*l + 9. Give b(d).
-3
Let u(r) = 2*r + 7. Let t(w) = -w. Let n(i) = -3*t(i) - u(i). Determine n(-5).
-12
Let o be 1*(9/(-45) + (-1)/(-5)). Let a(w) = w - 5. Determine a(o).
-5
Let x(n) = 3 - 2*n**2 + 3*n**2 - 2*n**2 + 3*n. Let c(j) = -j**3 - 15*j**2 - 27*j - 10. Let i be c(-13). What is x(i)?
3
Let h be -1 - (-1 - (-8)/(-4)). Let v(f) = -2*f**2 + 3*f + 3 + 3*f**h - 5. Calculate v(-4).
2
Let l(b) = b + 4. Suppose -s = -3*v - 